{"id":3,"date":"2023-09-27T16:20:04","date_gmt":"2023-09-27T16:20:04","guid":{"rendered":"https:\/\/www.confexbel.com.br\/loja\/?page_id=3"},"modified":"2023-10-26T16:54:11","modified_gmt":"2023-10-26T16:54:11","slug":"politica-de-privacidade","status":"publish","type":"page","link":"https:\/\/www.confexbel.com.br\/loja\/politica-de-privacidade\/","title":{"rendered":"Pol\u00edtica de Privacidade"},"content":{"rendered":"\r\n<div id=\"exibe_politica_privacidade\" class=\" bg1 body_lightbox arredondar_4px\">\r\n<div class=\"row\">\r\n<div class=\"col-md-12 col-xs-12 bgBranco arredondar_4px sombra_lightbox\">\r\n<div class=\"row mt30\">\r\n<div class=\"col-md-12 col-xs-12\">\r\n<p><em>Na\u00a0CONFEX BEL, privacidade e seguran\u00e7a s\u00e3o prioridades e nos comprometemos com a transpar\u00eancia do tratamento de dados pessoais dos nossos usu\u00e1rios\/clientes.<\/em><\/p>\r\n<p><em>Por isso, esta presente Pol\u00edtica de Privacidade estabelece como \u00e9 feita a coleta, uso e transfer\u00eancia de informa\u00e7\u00f5es de clientes ou outras pessoas que acessam ou usam nosso site.<\/em><\/p>\r\n<p><em>Ao utilizar nossos servi\u00e7os, voc\u00ea entende que coletaremos e usaremos suas informa\u00e7\u00f5es pessoais nas formas descritas nesta Pol\u00edtica, sob as normas de Prote\u00e7\u00e3o de Dados (LGPD, Lei Federal 13.709\/2018), das disposi\u00e7\u00f5es consumeristas da Lei Federal 8078\/1990 e as demais normas do ordenamento jur\u00eddico brasileiro aplic\u00e1veis.<\/em><\/p>\r\n<p><em>Dessa forma, a\u00a0CONFEX BEL, no papel de Controladora de Dados, obriga-se ao disposto na presente Pol\u00edtica de Privacidade.<\/em><\/p>\r\n<p><em>No mais, todas as transa\u00e7\u00f5es de pagamentos s\u00e3o executadas com tecnologia de seguran\u00e7a.<\/em><\/p>\r\n<p><em>Todos os dados s\u00e3o criptografados e visa impedir que as informa\u00e7\u00f5es sejam transmitidas ou acessadas por terceiros.<\/em><\/p>\r\n<p><em>N\u00e3o guardamos qualquer informa\u00e7\u00e3o do seu cart\u00e3o. Todas as informa\u00e7\u00f5es s\u00e3o fornecidas pelo cliente diretamente na plataforma da operadora de cart\u00e3o.<\/em><\/p>\r\n<p><em>Ao utilizar os servi\u00e7os da CONFEX BEL e fornecer seus dados pessoais, voc\u00ea est\u00e1 ciente e consentindo com as disposi\u00e7\u00f5es desta Pol\u00edtica de Privacidade, al\u00e9m de conhecer seus direitos e como exerc\u00ea-los.<\/em><\/p>\r\n<p><em>Todos os documentos militares e dados pessoais s\u00e3o mantidos em sigilo pela CONFEX BEL.<\/em><\/p>\r\n<p><em>Seus dados pessoais coletados ser\u00e3o utilizados e armazenados durante o tempo necess\u00e1rio para a presta\u00e7\u00e3o do servi\u00e7o ou para que as finalidades elencadas na presente Pol\u00edtica de Privacidade sejam atingidas, considerando os direitos dos titulares dos dados e dos controladores.<\/em><\/p>\r\n<p><em>De modo geral, seus dados ser\u00e3o mantidos enquanto a rela\u00e7\u00e3o contratual entre voc\u00ea e a CONFEX BEL perdurar. Findado o per\u00edodo de armazenamento dos dados pessoais, estes ser\u00e3o exclu\u00eddos de nossas bases de dados ou anonimizados, ressalvadas as hip\u00f3teses legalmente previstas no artigo 16 da LGPD.<\/em><\/p>\r\n<p>Todas as transa\u00e7\u00f5es de pagamentos s\u00e3o executadas com tecnologia de seguran\u00e7a.<br class=\"bbs_check_inside_view\" \/><br class=\"bbs_check_inside_view\" \/>Todos os dados s\u00e3o criptografados e visa impedir que as informa\u00e7\u00f5es sejam transmitidas ou acessadas por terceiros.<br class=\"bbs_check_inside_view\" \/><br class=\"bbs_check_inside_view\" \/>N\u00e3o guardamos qualquer informa\u00e7\u00e3o do seu cart\u00e3o. Todas as informa\u00e7\u00f5es s\u00e3o fornecidas pelo cliente diretamente na plataforma da operadora de cart\u00e3o.<\/p>\r\n<p>TODOS OS DOCUMENTOS MILITARES E DADOS PESSOAIS S\u00c3O MANTIDOS EM SIGILO PELA CONFEX BEL.<\/p>\r\n<\/div>\r\n<\/div>\r\n<\/div>\r\n<\/div>\r\n<\/div>\r\n<div id=\"fundo_transp_politica_privacidade\" class=\"fundo_lightbox\">\u00a0<\/div>\r\n","protected":false},"excerpt":{"rendered":"<p>Na\u00a0CONFEX BEL, privacidade e seguran\u00e7a s\u00e3o prioridades e nos comprometemos com a transpar\u00eancia do tratamento de dados pessoais dos nossos usu\u00e1rios\/clientes. Por isso, esta presente Pol\u00edtica de Privacidade estabelece como \u00e9 feita a coleta, uso e transfer\u00eancia de informa\u00e7\u00f5es de clientes ou outras pessoas que acessam ou usam nosso site. Ao utilizar nossos servi\u00e7os, voc\u00ea [&hellip;]<\/p>\n","protected":false},"author":1,"featured_media":0,"parent":0,"menu_order":0,"comment_status":"closed","ping_status":"open","template":"","meta":{"footnotes":""},"class_list":["post-3","page","type-page","status-publish","hentry"],"_links":{"self":[{"href":"https:\/\/www.confexbel.com.br\/loja\/wp-json\/wp\/v2\/pages\/3","targetHints":{"allow":["GET"]}}],"collection":[{"href":"https:\/\/www.confexbel.com.br\/loja\/wp-json\/wp\/v2\/pages"}],"about":[{"href":"https:\/\/www.confexbel.com.br\/loja\/wp-json\/wp\/v2\/types\/page"}],"author":[{"embeddable":true,"href":"https:\/\/www.confexbel.com.br\/loja\/wp-json\/wp\/v2\/users\/1"}],"replies":[{"embeddable":true,"href":"https:\/\/www.confexbel.com.br\/loja\/wp-json\/wp\/v2\/comments?post=3"}],"version-history":[{"count":1,"href":"https:\/\/www.confexbel.com.br\/loja\/wp-json\/wp\/v2\/pages\/3\/revisions"}],"predecessor-version":[{"id":344,"href":"https:\/\/www.confexbel.com.br\/loja\/wp-json\/wp\/v2\/pages\/3\/revisions\/344"}],"wp:attachment":[{"href":"https:\/\/www.confexbel.com.br\/loja\/wp-json\/wp\/v2\/media?parent=3"}],"curies":[{"name":"wp","href":"https:\/\/api.w.org\/{rel}","templated":true}]}}